{"id":76,"date":"2022-06-22T22:38:14","date_gmt":"2022-06-22T20:38:14","guid":{"rendered":"http:\/\/xn--lartducheminintrieur-p2b.com\/?page_id=76"},"modified":"2023-06-08T22:15:13","modified_gmt":"2023-06-08T20:15:13","slug":"nos-creations","status":"publish","type":"page","link":"https:\/\/xn--lartducheminintrieur-p2b.com\/index.php\/nos-creations\/","title":{"rendered":"Tisser le monde de regards et de mots"},"content":{"rendered":"\n<p>ETE 2022 : Voici notre premi\u00e8re co-cr\u00e9ation ! <\/p>\n\n\n\n<figure class=\"wp-block-image size-full\"><img loading=\"lazy\" decoding=\"async\" width=\"1328\" height=\"878\" src=\"http:\/\/xn--lartducheminintrieur-p2b.com\/wp-content\/uploads\/2022\/07\/Copie-de-Tisser-le-monde-de-regards-et-de-mots-Version-numerique-animee.gif\" alt=\"\" class=\"wp-image-179\"\/><figcaption class=\"wp-element-caption\">Notre Livre d&#8217;artiste anim\u00e9<\/figcaption><\/figure>\n\n\n\n<p><\/p>\n\n\n\n<p>Et avec de la musique&#8230;<\/p>\n\n\n\n<h2 class=\"wp-block-heading has-primary-color has-background-background-color has-text-color has-background has-normal-font-size\"><a rel=\"noreferrer noopener\" href=\"https:\/\/www.canva.com\/design\/DAFCq3ex8iY\/rLSWpmdp2q_4zFflCTW6ew\/watch?utm_content=DAFCq3ex8iY&amp;utm_campaign=designshare&amp;utm_medium=link&amp;utm_source=publishsharelink\" target=\"_blank\">https:\/\/www.canva.com\/design\/DAFCq3ex8iY\/rLSWpmdp2q_4zFflCTW6ew\/watch?utm_content=DAFCq3ex8iY&amp;utm_campaign=designshare&amp;utm_medium=link&amp;utm_source=publishsharelink<\/a><\/h2>\n\n\n\n<p>DECEMBRE 2022 : Auto-\u00e9dition de 100 ouvrages uniques reli\u00e9s \u00e0 la main par une Colombe Lecat &#8211; Warda, artisane relieuse d&#8217;art<\/p>\n\n\n\n<p>Chaque ouvrage est une pi\u00e8ce unique (selon la couleur de la toile, du fil, tissage et breloque) et num\u00e9rot\u00e9e. <\/p>\n\n\n\n<p>Si vous souhaitez en acqu\u00e9rir un exemplaire, n&#8217;h\u00e9sitez pas \u00e0 prendre contact avec nous. <\/p>\n\n\n\n<p class=\"has-text-align-center\"><img loading=\"lazy\" decoding=\"async\" width=\"500\" height=\"378\" class=\"wp-image-252\" style=\"width: 500px;\" src=\"http:\/\/xn--lartducheminintrieur-p2b.com\/wp-content\/uploads\/2023\/06\/7811563541407503640.jpg\" alt=\"\" srcset=\"https:\/\/xn--lartducheminintrieur-p2b.com\/wp-content\/uploads\/2023\/06\/7811563541407503640.jpg 800w, https:\/\/xn--lartducheminintrieur-p2b.com\/wp-content\/uploads\/2023\/06\/7811563541407503640-300x227.jpg 300w, https:\/\/xn--lartducheminintrieur-p2b.com\/wp-content\/uploads\/2023\/06\/7811563541407503640-768x581.jpg 768w\" sizes=\"auto, (max-width: 500px) 100vw, 500px\" \/><font _mstmutation=\"1\"><\/font><\/p>\n\n\n\n<p><font _mstmutation=\"1\"><\/font><\/p>\n\n\n\n<p>Un grand remerciement \u00e0 nos contributeurs et contributrices (Financement participatif Ulule) :<\/p>\n\n\n\n<p>Val\u00e9rie BILLAUDEAU &#8211; Sophie BLATTEAU &#8211; Benjamin BROVELLI &#8211; Anne CHALAMON &#8211; Dominique CHIPI &#8211; Antoine CHOPIN &#8211; Clara COUDERC &#8211; Emmanuel DARDELLE &#8211; Christine GAMBERT &#8211; Gr\u00e9gory GAUTIER &#8211; Jo\u00eblle JENICHON &#8211; Genevi\u00e8ve JOULAIN &#8211; Florence LANDAIS &#8211; Michel LE BRIGAND &#8211; Nad\u00e8ge et Ludovic MENES &#8211; Line MORCANT &#8211; Yvonne MORVAN &#8211; Anthony et Karine PELE &#8211; Daniel PICARDA &#8211; V\u00e9ronique PRIN &#8211; Sylvie et Jean-Ga\u00ebl RENARD &#8211; Roselyne ROBIN &#8211; Nicole THIBEAU<\/p>\n\n\n\n<p><font _mstmutation=\"1\"><\/font><\/p>\n\n\n\n<p><font _mstmutation=\"1\"><\/font><\/p>\n\n\n\n<p><font _mstmutation=\"1\" _msttexthash=\"685269\" _msthash=\"275\"> <\/font><font _mstmutation=\"1\"><\/font><\/p>\n\n\n\n<p><font _mstmutation=\"1\"><\/font><\/p>\n","protected":false},"excerpt":{"rendered":"<p>ETE 2022 : Voici notre premi\u00e8re co-cr\u00e9ation ! Et avec de la musique&#8230; https:\/\/www.canva.com\/design\/DAFCq3ex8iY\/rLSWpmdp2q_4zFflCTW6ew\/watch?utm_content=DAFCq3ex8iY&amp;utm_campaign=designshare&amp;utm_medium=link&amp;utm_source=publishsharelink DECEMBRE 2022 : Auto-\u00e9dition de 100 ouvrages uniques reli\u00e9s \u00e0 la main par une Colombe Lecat &#8211; Warda, artisane relieuse d&#8217;art Chaque ouvrage est une pi\u00e8ce unique (selon la couleur de la toile, du fil, tissage et breloque) et num\u00e9rot\u00e9e. Si&hellip; <a class=\"more-link\" href=\"https:\/\/xn--lartducheminintrieur-p2b.com\/index.php\/nos-creations\/\">Continue reading <span class=\"screen-reader-text\">Tisser le monde de regards et de mots<\/span><\/a><\/p>\n","protected":false},"author":1,"featured_media":0,"parent":0,"menu_order":0,"comment_status":"closed","ping_status":"closed","template":"","meta":{"footnotes":""},"class_list":["post-76","page","type-page","status-publish","hentry","entry"],"_links":{"self":[{"href":"https:\/\/xn--lartducheminintrieur-p2b.com\/index.php\/wp-json\/wp\/v2\/pages\/76","targetHints":{"allow":["GET"]}}],"collection":[{"href":"https:\/\/xn--lartducheminintrieur-p2b.com\/index.php\/wp-json\/wp\/v2\/pages"}],"about":[{"href":"https:\/\/xn--lartducheminintrieur-p2b.com\/index.php\/wp-json\/wp\/v2\/types\/page"}],"author":[{"embeddable":true,"href":"https:\/\/xn--lartducheminintrieur-p2b.com\/index.php\/wp-json\/wp\/v2\/users\/1"}],"replies":[{"embeddable":true,"href":"https:\/\/xn--lartducheminintrieur-p2b.com\/index.php\/wp-json\/wp\/v2\/comments?post=76"}],"version-history":[{"count":45,"href":"https:\/\/xn--lartducheminintrieur-p2b.com\/index.php\/wp-json\/wp\/v2\/pages\/76\/revisions"}],"predecessor-version":[{"id":258,"href":"https:\/\/xn--lartducheminintrieur-p2b.com\/index.php\/wp-json\/wp\/v2\/pages\/76\/revisions\/258"}],"wp:attachment":[{"href":"https:\/\/xn--lartducheminintrieur-p2b.com\/index.php\/wp-json\/wp\/v2\/media?parent=76"}],"curies":[{"name":"wp","href":"https:\/\/api.w.org\/{rel}","templated":true}]}}