{"id":18,"date":"2022-06-09T23:47:11","date_gmt":"2022-06-09T21:47:11","guid":{"rendered":"http:\/\/xn--lartducheminintrieur-p2b.com\/?page_id=18"},"modified":"2023-06-08T22:19:24","modified_gmt":"2023-06-08T20:19:24","slug":"a-propos-de","status":"publish","type":"page","link":"https:\/\/xn--lartducheminintrieur-p2b.com\/","title":{"rendered":"\u00c0 propos de"},"content":{"rendered":"\n<p>Bienvenue sur notre espace de cr\u00e9ation et de r\u00e9cr\u00e9ation. Quand se tissent nos imaginaires et nos regards vers plus d&#8217;Etre soi&#8230;<\/p>\n\n\n\n<figure class=\"wp-block-image size-large\"><img loading=\"lazy\" decoding=\"async\" width=\"1024\" height=\"683\" src=\"http:\/\/xn--lartducheminintrieur-p2b.com\/wp-content\/uploads\/2022\/06\/IMG_1549-1024x683.jpg\" alt=\"\" class=\"wp-image-133\" srcset=\"https:\/\/xn--lartducheminintrieur-p2b.com\/wp-content\/uploads\/2022\/06\/IMG_1549-1024x683.jpg 1024w, https:\/\/xn--lartducheminintrieur-p2b.com\/wp-content\/uploads\/2022\/06\/IMG_1549-300x200.jpg 300w, https:\/\/xn--lartducheminintrieur-p2b.com\/wp-content\/uploads\/2022\/06\/IMG_1549-768x512.jpg 768w, https:\/\/xn--lartducheminintrieur-p2b.com\/wp-content\/uploads\/2022\/06\/IMG_1549-1536x1024.jpg 1536w, https:\/\/xn--lartducheminintrieur-p2b.com\/wp-content\/uploads\/2022\/06\/IMG_1549-2048x1365.jpg 2048w, https:\/\/xn--lartducheminintrieur-p2b.com\/wp-content\/uploads\/2022\/06\/IMG_1549-1568x1045.jpg 1568w\" sizes=\"auto, (max-width: 1024px) 100vw, 1024px\" \/><\/figure>\n\n\n\n<p>Nous sommes deux amies, th\u00e9rapeutes et cr\u00e9atrices.                                 Ce blog nous permettra de vous pr\u00e9senter nos cr\u00e9ations, personnelles ou communes, ainsi que nos ateliers d&#8217;expression cr\u00e9ative ouverts \u00e0 tous ceux et celles qui voudront partager un instant avec nous &#8220;l&#8217;art du chemin int\u00e9rieur&#8221; .                                        Vous pourrez \u00e9galement y lire des articles sur ces sujets.<\/p>\n\n\n\n<p>Virginie Gautier est art-th\u00e9rapeute pour adultes et enfants. Elle a une pratique artistique personnelle \u00e0 travers la photographie et la cr\u00e9ation de mandalas&#8230; et ma\u00eetrise parfaitement l&#8217;outil num\u00e9rique. Elle a r\u00e9alis\u00e9 le montage anim\u00e9 de notre recueil, \u00e0 d\u00e9couvrir \u00e0 la page Tisser le monde de regards et de mots.                                                            <a href=\"http:\/\/latelierdulibreje.com\">http:\/\/latelierdulibreje.com<\/a><\/p>\n\n\n\n<p>Evelyne Pellerin est une po\u00e9sanne, comme elle aime le dire, c&#8217;est-\u00e0-dire une po\u00e9tesse-paysanne, de par ses origines et son mode de vie. Elle a d\u00e9j\u00e0 publi\u00e9 2 recueils po\u00e9tiques: <em>La Belle Ap\u00f4tre<\/em> et <em>Temps de regard<\/em> (cf. extraits \u00e0 la page Po\u00e8mes).                                                                                                                                         <a href=\"http:\/\/evpellerin-psy-angers.com\">http:\/\/evpellerin-psy-angers.com<\/a>                                                       <\/p>\n\n\n\n<p><\/p>\n","protected":false},"excerpt":{"rendered":"<p>Bienvenue sur notre espace de cr\u00e9ation et de r\u00e9cr\u00e9ation. Quand se tissent nos imaginaires et nos regards vers plus d&#8217;Etre soi&#8230; Nous sommes deux amies, th\u00e9rapeutes et cr\u00e9atrices. Ce blog nous permettra de vous pr\u00e9senter nos cr\u00e9ations, personnelles ou communes, ainsi que nos ateliers d&#8217;expression cr\u00e9ative ouverts \u00e0 tous ceux et celles qui voudront partager&hellip; <a class=\"more-link\" href=\"https:\/\/xn--lartducheminintrieur-p2b.com\/\">Continue reading <span class=\"screen-reader-text\">\u00c0 propos de<\/span><\/a><\/p>\n","protected":false},"author":1,"featured_media":0,"parent":0,"menu_order":0,"comment_status":"closed","ping_status":"closed","template":"","meta":{"footnotes":""},"class_list":["post-18","page","type-page","status-publish","hentry","entry"],"_links":{"self":[{"href":"https:\/\/xn--lartducheminintrieur-p2b.com\/index.php\/wp-json\/wp\/v2\/pages\/18","targetHints":{"allow":["GET"]}}],"collection":[{"href":"https:\/\/xn--lartducheminintrieur-p2b.com\/index.php\/wp-json\/wp\/v2\/pages"}],"about":[{"href":"https:\/\/xn--lartducheminintrieur-p2b.com\/index.php\/wp-json\/wp\/v2\/types\/page"}],"author":[{"embeddable":true,"href":"https:\/\/xn--lartducheminintrieur-p2b.com\/index.php\/wp-json\/wp\/v2\/users\/1"}],"replies":[{"embeddable":true,"href":"https:\/\/xn--lartducheminintrieur-p2b.com\/index.php\/wp-json\/wp\/v2\/comments?post=18"}],"version-history":[{"count":13,"href":"https:\/\/xn--lartducheminintrieur-p2b.com\/index.php\/wp-json\/wp\/v2\/pages\/18\/revisions"}],"predecessor-version":[{"id":262,"href":"https:\/\/xn--lartducheminintrieur-p2b.com\/index.php\/wp-json\/wp\/v2\/pages\/18\/revisions\/262"}],"wp:attachment":[{"href":"https:\/\/xn--lartducheminintrieur-p2b.com\/index.php\/wp-json\/wp\/v2\/media?parent=18"}],"curies":[{"name":"wp","href":"https:\/\/api.w.org\/{rel}","templated":true}]}}